{"id":85,"date":"2023-10-06T22:03:57","date_gmt":"2023-10-06T22:03:57","guid":{"rendered":"https:\/\/kgv-amdammsteg.de\/?page_id=85"},"modified":"2026-04-01T15:18:43","modified_gmt":"2026-04-01T15:18:43","slug":"unser-kleingartenverein","status":"publish","type":"page","link":"https:\/\/kgv-amdammsteg.de\/?page_id=85","title":{"rendered":"Bauantrag Stellen"},"content":{"rendered":"\n<div class=\"wpcf7 no-js\" id=\"wpcf7-f218-o1\" lang=\"de-DE\" dir=\"ltr\" data-wpcf7-id=\"218\">\n<div class=\"screen-reader-response\"><p role=\"status\" aria-live=\"polite\" aria-atomic=\"true\"><\/p> <ul><\/ul><\/div>\n<form action=\"\/index.php?rest_route=%2Fwp%2Fv2%2Fpages%2F85#wpcf7-f218-o1\" method=\"post\" class=\"wpcf7-form init\" aria-label=\"Kontaktformular\" enctype=\"multipart\/form-data\" novalidate=\"novalidate\" data-status=\"init\">\n<fieldset class=\"hidden-fields-container\"><input type=\"hidden\" name=\"_wpcf7\" value=\"218\" \/><input type=\"hidden\" name=\"_wpcf7_version\" value=\"6.1.5\" \/><input type=\"hidden\" name=\"_wpcf7_locale\" value=\"de_DE\" \/><input type=\"hidden\" name=\"_wpcf7_unit_tag\" value=\"wpcf7-f218-o1\" \/><input type=\"hidden\" name=\"_wpcf7_container_post\" value=\"0\" \/><input type=\"hidden\" name=\"_wpcf7_posted_data_hash\" value=\"\" \/>\n<\/fieldset>\n<p>Beachte, dass pro Bauantrag ausschlie\u00dflich eine PDF-Datei hochgeladen werden kann.<br \/>\nSollte dein Bauantrag mehrere Ma\u00dfnahmen umfassen, hast du folgende M\u00f6glichkeiten:<br \/>\n-> Fasse alle Unterlagen in einer PDF-Datei zusammen<br \/>\n-> Stelle mehrere einzelne Bauantr\u00e4ge\n<\/p>\n<p><label><strong>Deine Gartennummer<\/strong><br \/>\n<\/label><label><span class=\"wpcf7-form-control-wrap\" data-name=\"Gartennummer\"><select class=\"wpcf7-form-control wpcf7-select wpcf7-validates-as-required\" aria-required=\"true\" aria-invalid=\"false\" name=\"Gartennummer\"><option value=\"Bitte ausw\u00e4hlen\">Bitte ausw\u00e4hlen<\/option><option value=\"1\">1<\/option><option value=\"2\">2<\/option><option value=\"3\">3<\/option><option value=\"4\">4<\/option><option value=\"5\">5<\/option><option value=\"6\">6<\/option><option value=\"7\">7<\/option><option value=\"8\">8<\/option><option value=\"9\">9<\/option><option value=\"10\">10<\/option><option value=\"11\">11<\/option><option value=\"12\">12<\/option><option value=\"13\">13<\/option><option value=\"14\">14<\/option><option value=\"15\">15<\/option><option value=\"16\">16<\/option><option value=\"17\">17<\/option><option value=\"18\">18<\/option><option value=\"19\">19<\/option><option value=\"20\">20<\/option><option value=\"21\">21<\/option><option value=\"22\">22<\/option><option value=\"24\">24<\/option><option value=\"25\">25<\/option><option value=\"26\">26<\/option><option value=\"27\">27<\/option><option value=\"28\">28<\/option><option value=\"29\">29<\/option><option value=\"30\">30<\/option><option value=\"31\">31<\/option><option value=\"32\">32<\/option><option value=\"33\">33<\/option><option value=\"34\">34<\/option><option value=\"35\">35<\/option><option value=\"36\">36<\/option><option value=\"37\">37<\/option><option value=\"38\">38<\/option><option value=\"39\">39<\/option><option value=\"40\">40<\/option><option value=\"41\">41<\/option><option value=\"42\">42<\/option><option value=\"43\">43<\/option><option value=\"44\">44<\/option><option value=\"45\">45<\/option><option value=\"46\">46<\/option><option value=\"47\">47<\/option><option value=\"48\">48<\/option><option value=\"49\">49<\/option><option value=\"51\">51<\/option><option value=\"52\">52<\/option><option value=\"53\">53<\/option><option value=\"55\">55<\/option><option value=\"56\">56<\/option><option value=\"58\">58<\/option><option value=\"59\">59<\/option><option value=\"61\">61<\/option><option value=\"63\">63<\/option><option value=\"64\">64<\/option><option value=\"65\">65<\/option><option value=\"66\">66<\/option><option value=\"67\">67<\/option><option value=\"68\">68<\/option><option value=\"69\">69<\/option><option value=\"70\">70<\/option><option value=\"71\">71<\/option><option value=\"72\">72<\/option><option value=\"73\">73<\/option><option value=\"74\">74<\/option><option value=\"75\">75<\/option><option value=\"76\">76<\/option><option value=\"77\">77<\/option><option value=\"78\">78<\/option><option value=\"79\">79<\/option><option value=\"80\">80<\/option><option value=\"81\">81<\/option><option value=\"82\">82<\/option><option value=\"83\">83<\/option><option value=\"84\">84<\/option><option value=\"85\">85<\/option><option value=\"86\">86<\/option><option value=\"87\">87<\/option><option value=\"88\">88<\/option><option value=\"89\">89<\/option><option value=\"90\">90<\/option><option value=\"91\">91<\/option><option value=\"92\">92<\/option><option value=\"93\">93<\/option><option value=\"94\">94<\/option><option value=\"95\">95<\/option><option value=\"96\">96<\/option><option value=\"97\">97<\/option><option value=\"98\">98<\/option><option value=\"99\">99<\/option><option value=\"100\">100<\/option><\/select><\/span><\/label>\n<\/p>\n<p><label><strong>Deine Anrede<\/strong><br \/>\n<span class=\"wpcf7-form-control-wrap\" data-name=\"Anrede\"><select class=\"wpcf7-form-control wpcf7-select\" aria-invalid=\"false\" name=\"Anrede\"><option value=\"Bitte ausw\u00e4hlen\">Bitte ausw\u00e4hlen<\/option><option value=\"Herr\">Herr<\/option><option value=\"Frau\">Frau<\/option><\/select><\/span><\/label>\n<\/p>\n<p><label><strong>Dein Vor- \/ Nachname<\/strong><br \/>\n<span class=\"wpcf7-form-control-wrap\" data-name=\"Vorname\"><input size=\"40\" maxlength=\"400\" class=\"wpcf7-form-control wpcf7-text wpcf7-validates-as-required\" aria-required=\"true\" aria-invalid=\"false\" value=\"Vorname\" type=\"text\" name=\"Vorname\" \/><\/span><span class=\"wpcf7-form-control-wrap\" data-name=\"Nachname\"><input size=\"40\" maxlength=\"400\" class=\"wpcf7-form-control wpcf7-text wpcf7-validates-as-required\" aria-required=\"true\" aria-invalid=\"false\" value=\"Nachname\" type=\"text\" name=\"Nachname\" \/><\/span><\/label>\n<\/p>\n<p><strong>Deine Stra\u00dfe & Hausnummer<\/strong><br \/>\n<span class=\"wpcf7-form-control-wrap\" data-name=\"anschrift-1\"><input size=\"40\" maxlength=\"400\" class=\"wpcf7-form-control wpcf7-text\" aria-invalid=\"false\" value=\"\" type=\"text\" name=\"anschrift-1\" \/><\/span>\n<\/p>\n<p><strong>Deine PLZ & Ort<\/strong><br \/>\n<span class=\"wpcf7-form-control-wrap\" data-name=\"anschrift-2\"><input size=\"40\" maxlength=\"400\" class=\"wpcf7-form-control wpcf7-text\" aria-invalid=\"false\" value=\"\" type=\"text\" name=\"anschrift-2\" \/><\/span>\n<\/p>\n<p><strong>Deine E-Mail-Adresse<\/strong><small><span style=\"color: red; font-weight: bold;\"> (Hier werden nur Registrierte E-Mail-Adressen ber\u00fccksichtigt)<\/span><\/small><br \/>\n<span class=\"wpcf7-form-control-wrap\" data-name=\"DeineE-MailAdresse\"><input size=\"40\" maxlength=\"400\" class=\"wpcf7-form-control wpcf7-email wpcf7-validates-as-required wpcf7-text wpcf7-validates-as-email\" aria-required=\"true\" aria-invalid=\"false\" value=\"\" type=\"email\" name=\"DeineE-MailAdresse\" \/><\/span>\n<\/p>\n<p><label><strong>D\u00fcsseldorf, den<\/strong><br \/>\n<span class=\"wpcf7-form-control-wrap\" data-name=\"datum-ort\"><input class=\"wpcf7-form-control wpcf7-date wpcf7-validates-as-date\" aria-invalid=\"false\" value=\"\" type=\"date\" name=\"datum-ort\" \/><\/span> <\/label>\n<\/p>\n<h3>Hiermit beantrage ich die Genehmigung folgender Einrichtungen\n<\/h3>\n<p><span class=\"wpcf7-form-control-wrap\" data-name=\"einrichtungen\"><span class=\"wpcf7-form-control wpcf7-checkbox\"><span class=\"wpcf7-list-item first\"><label><input type=\"checkbox\" name=\"einrichtungen[]\" value=\"Rutschbahn\" \/><span class=\"wpcf7-list-item-label\">Rutschbahn<\/span><\/label><\/span><span class=\"wpcf7-list-item\"><label><input type=\"checkbox\" name=\"einrichtungen[]\" value=\"Sandkasten\" \/><span class=\"wpcf7-list-item-label\">Sandkasten<\/span><\/label><\/span><span class=\"wpcf7-list-item\"><label><input type=\"checkbox\" name=\"einrichtungen[]\" value=\"Schaukel\" \/><span class=\"wpcf7-list-item-label\">Schaukel<\/span><\/label><\/span><span class=\"wpcf7-list-item\"><label><input type=\"checkbox\" name=\"einrichtungen[]\" value=\"Fahnenmast\" \/><span class=\"wpcf7-list-item-label\">Fahnenmast<\/span><\/label><\/span><span class=\"wpcf7-list-item last\"><label><input type=\"checkbox\" name=\"einrichtungen[]\" value=\"Grill\" \/><span class=\"wpcf7-list-item-label\">Grill<\/span><\/label><\/span><\/span><\/span>\n<\/p>\n<p><strong>Hinweis:<\/strong> Alle Gegenst\u00e4nde sind ohne Betonfundamente zu erbauen. Sonst mu\u00df eine Bauzeichnung dabei sein.\n<\/p>\n<p><span class=\"wpcf7-form-control-wrap\" data-name=\"einrichtungen\"><span class=\"wpcf7-form-control wpcf7-checkbox\"><span class=\"wpcf7-list-item first last\"><label><input type=\"checkbox\" name=\"einrichtungen[]\" value=\"Kinderspielhaus\" \/><span class=\"wpcf7-list-item-label\">Kinderspielhaus<\/span><\/label><\/span><\/span><\/span>\n<\/p>\n<p>Eine Grundfl\u00e4che von 4 qm darf nicht \u00fcberschritten werden; bei anderweitiger Verwendung ist das Kinderspielhaus sofort zu entfernen.\n<\/p>\n<p><span class=\"wpcf7-form-control-wrap\" data-name=\"einrichtungen\"><span class=\"wpcf7-form-control wpcf7-checkbox\"><span class=\"wpcf7-list-item first last\"><label><input type=\"checkbox\" name=\"einrichtungen[]\" value=\"Pergola\" \/><span class=\"wpcf7-list-item-label\">Pergola<\/span><\/label><\/span><\/span><\/span>\n<\/p>\n<p>Eine detaillierte Zeichnung (Dreiseitenansicht) mit Ma\u00dfangaben ist als PDF-Datei beizuf\u00fcgen.\n<\/p>\n<p><span class=\"wpcf7-form-control-wrap\" data-name=\"einrichtungen\"><span class=\"wpcf7-form-control wpcf7-checkbox\"><span class=\"wpcf7-list-item first last\"><label><input type=\"checkbox\" name=\"einrichtungen[]\" value=\"Rankhilfen\" \/><span class=\"wpcf7-list-item-label\">Rankhilfen<\/span><\/label><\/span><\/span><\/span>\n<\/p>\n<p>Eine detaillierte Zeichnung (Dreiseitenansicht) mit Ma\u00dfangaben ist als PDF-Datei beizuf\u00fcgen.\n<\/p>\n<p><span class=\"wpcf7-form-control-wrap\" data-name=\"einrichtungen\"><span class=\"wpcf7-form-control wpcf7-checkbox\"><span class=\"wpcf7-list-item first last\"><label><input type=\"checkbox\" name=\"einrichtungen[]\" value=\"An- und Umbauten von Gartenlauben\" \/><span class=\"wpcf7-list-item-label\">An- und Umbauten von Gartenlauben<\/span><\/label><\/span><\/span><\/span>\n<\/p>\n<p>Eine detaillierte Zeichnung (Dreiseitenansicht) mit Ma\u00dfangaben ist als PDF-Datei beizuf\u00fcgen.\n<\/p>\n<p><span class=\"wpcf7-form-control-wrap\" data-name=\"einrichtungen\"><span class=\"wpcf7-form-control wpcf7-checkbox\"><span class=\"wpcf7-list-item first last\"><label><input type=\"checkbox\" name=\"einrichtungen[]\" value=\"Solaranlage\" \/><span class=\"wpcf7-list-item-label\">Solaranlage<\/span><\/label><\/span><\/span><\/span>\n<\/p>\n<p>Eine detaillierte Zeichnung (Draufsicht) mit Ma\u00dfangaben ist als PDF-Datei beizuf\u00fcgen.\n<\/p>\n<p><span class=\"wpcf7-form-control-wrap\" data-name=\"einrichtungen\"><span class=\"wpcf7-form-control wpcf7-checkbox\"><span class=\"wpcf7-list-item first last\"><label><input type=\"checkbox\" name=\"einrichtungen[]\" value=\"Gew\u00e4chshaus\" \/><span class=\"wpcf7-list-item-label\">Gew\u00e4chshaus<\/span><\/label><\/span><\/span><\/span>\n<\/p>\n<p>Eine Grundfl\u00e4che von 8 qm darf nicht \u00fcberschritten werden; es d\u00fcrfen keine Fundamente, Bodenplatte oder \u00c4hnliches aus Beton errichtet werden. Eine detaillierte Zeichnung (Dreiseitenansicht) mit Ma\u00dfangaben ist als PDF-Datei beizuf\u00fcgen.\n<\/p>\n<p><span class=\"wpcf7-form-control-wrap\" data-name=\"einrichtungen\"><span class=\"wpcf7-form-control wpcf7-checkbox\"><span class=\"wpcf7-list-item first last\"><label><input type=\"checkbox\" name=\"einrichtungen[]\" value=\"Grundwasserpumpe\" \/><span class=\"wpcf7-list-item-label\">Grundwasserpumpe<\/span><\/label><\/span><\/span><\/span>\n<\/p>\n<p>An der Pumpe muss ein Schild mit der Aufschrift \u201eKein Trinkwasser\u201c angebracht werden.\n<\/p>\n<p><span class=\"wpcf7-form-control-wrap\" data-name=\"einrichtungen\"><span class=\"wpcf7-form-control wpcf7-checkbox\"><span class=\"wpcf7-list-item first last\"><label><input type=\"checkbox\" name=\"einrichtungen[]\" value=\"Teichanlage\" \/><span class=\"wpcf7-list-item-label\">Teichanlage<\/span><\/label><\/span><\/span><\/span>\n<\/p>\n<p>Eine Grundfl\u00e4che von 8 qm und eine max. Tiefe von 1,2 m darf nicht \u00fcberschritten werden; f\u00fcr die Erstellung ist lediglich die Verwendung von handels\u00fcblicher Folie sowie vorgefertigten Kunststoffteilen erlaubt. Die Verwendung von Ortbeton ist strengstens verboten.\n<\/p>\n<p><span class=\"wpcf7-form-control-wrap\" data-name=\"einrichtungen\"><span class=\"wpcf7-form-control wpcf7-checkbox\"><span class=\"wpcf7-list-item first last\"><label><input type=\"checkbox\" name=\"einrichtungen[]\" value=\"Sichtschutz\" \/><span class=\"wpcf7-list-item-label\">Sichtschutz<\/span><\/label><\/span><\/span><\/span>\n<\/p>\n<p><strong>Zeichnung beif\u00fcgen<\/strong> \u2013 nur nach Vorlage Gartenamt und nur zur Stra\u00dfe hin.\n<\/p>\n<p><span class=\"wpcf7-form-control-wrap\" data-name=\"einrichtungen\"><span class=\"wpcf7-form-control wpcf7-checkbox\"><span class=\"wpcf7-list-item first last\"><label><input type=\"checkbox\" name=\"einrichtungen[]\" value=\"Ger\u00e4tehaus, freistehend\" \/><span class=\"wpcf7-list-item-label\">Ger\u00e4tehaus, freistehend<\/span><\/label><\/span><\/span><\/span>\n<\/p>\n<p>Eine Grundfl\u00e4che von 1,8 m x 1,8 m (bzw. 3,24 qm) sowie eine Firsth\u00f6he von 2,2 m darf nicht \u00fcberschritten werden. Es ist vorzugsweise in Holz zu erstellen; es d\u00fcrfen keine Betonfundamente verwendet werden. Bitte eine Baubeschreibung dabei PDF-Datei anh\u00e4ngen.\n<\/p>\n<p><span class=\"wpcf7-form-control-wrap\" data-name=\"einrichtungen\"><span class=\"wpcf7-form-control wpcf7-checkbox\"><span class=\"wpcf7-list-item first last\"><label><input type=\"checkbox\" name=\"einrichtungen[]\" value=\"Blechger\u00e4tehaus\" \/><span class=\"wpcf7-list-item-label\">Blechger\u00e4tehaus<\/span><\/label><\/span><\/span><\/span>\n<\/p>\n<p>Dito; Blechger\u00e4teh\u00e4user sind separat zu begr\u00fcnen.\n<\/p>\n<h3>Betreiben von Verbrennungsmotoren\n<\/h3>\n<p><span class=\"wpcf7-form-control-wrap\" data-name=\"motoren\"><span class=\"wpcf7-form-control wpcf7-checkbox\"><span class=\"wpcf7-list-item first\"><label><input type=\"checkbox\" name=\"motoren[]\" value=\"Rasenm\u00e4her\" \/><span class=\"wpcf7-list-item-label\">Rasenm\u00e4her<\/span><\/label><\/span><span class=\"wpcf7-list-item\"><label><input type=\"checkbox\" name=\"motoren[]\" value=\"Motorsensen\" \/><span class=\"wpcf7-list-item-label\">Motorsensen<\/span><\/label><\/span><span class=\"wpcf7-list-item\"><label><input type=\"checkbox\" name=\"motoren[]\" value=\"Kettens\u00e4ge\" \/><span class=\"wpcf7-list-item-label\">Kettens\u00e4ge<\/span><\/label><\/span><span class=\"wpcf7-list-item\"><label><input type=\"checkbox\" name=\"motoren[]\" value=\"Stromerzeuger\" \/><span class=\"wpcf7-list-item-label\">Stromerzeuger<\/span><\/label><\/span><span class=\"wpcf7-list-item\"><label><input type=\"checkbox\" name=\"motoren[]\" value=\"Vertikutierer\" \/><span class=\"wpcf7-list-item-label\">Vertikutierer<\/span><\/label><\/span><span class=\"wpcf7-list-item\"><label><input type=\"checkbox\" name=\"motoren[]\" value=\"Laubsauger\" \/><span class=\"wpcf7-list-item-label\">Laubsauger<\/span><\/label><\/span><span class=\"wpcf7-list-item\"><label><input type=\"checkbox\" name=\"motoren[]\" value=\"Motorhacke\" \/><span class=\"wpcf7-list-item-label\">Motorhacke<\/span><\/label><\/span><span class=\"wpcf7-list-item last\"><label><input type=\"checkbox\" name=\"motoren[]\" value=\"H\u00e4cksler\" \/><span class=\"wpcf7-list-item-label\">H\u00e4cksler<\/span><\/label><\/span><\/span><\/span>\n<\/p>\n<p><label> Bemerkungen<br \/>\n<span class=\"wpcf7-form-control-wrap\" data-name=\"bemerkungen\"><textarea cols=\"40\" rows=\"10\" maxlength=\"2000\" class=\"wpcf7-form-control wpcf7-textarea\" aria-invalid=\"false\" name=\"bemerkungen\"><\/textarea><\/span> <\/label>\n<\/p>\n<p><span class=\"wpcf7-form-control-wrap\" data-name=\"acceptance-598\"><span class=\"wpcf7-form-control wpcf7-acceptance optional\"><span class=\"wpcf7-list-item\"><label><input type=\"checkbox\" name=\"acceptance-598\" value=\"1\" class=\"Ich habe verstanden\" aria-invalid=\"false\" \/><span class=\"wpcf7-list-item-label\">Mir ist bewusst, dass dieser Bauantrag bei unrichtigen oder unvollst\u00e4ndigen Angaben seine G\u00fcltigkeit verliert.<\/span><\/label><\/span><\/span><\/span>\n<\/p>\n<p><label> Eigene PDF hochladen<br \/>\n<span class=\"wpcf7-form-control-wrap\" data-name=\"eigene-pdf\"><input size=\"40\" class=\"wpcf7-form-control wpcf7-file\" accept=\".pdf\" aria-invalid=\"false\" type=\"file\" name=\"eigene-pdf\" \/><\/span> <\/label>\n<\/p>\n<p><input class=\"wpcf7-form-control wpcf7-submit has-spinner\" type=\"submit\" value=\"Senden\" \/>\n<\/p><div class=\"wpcf7-response-output\" aria-hidden=\"true\"><\/div>\n<\/form>\n<\/div>\n\n","protected":false},"excerpt":{"rendered":"","protected":false},"author":1,"featured_media":0,"parent":0,"menu_order":0,"comment_status":"closed","ping_status":"closed","template":"","meta":{"footnotes":""},"class_list":["post-85","page","type-page","status-publish","hentry"],"_links":{"self":[{"href":"https:\/\/kgv-amdammsteg.de\/index.php?rest_route=\/wp\/v2\/pages\/85","targetHints":{"allow":["GET"]}}],"collection":[{"href":"https:\/\/kgv-amdammsteg.de\/index.php?rest_route=\/wp\/v2\/pages"}],"about":[{"href":"https:\/\/kgv-amdammsteg.de\/index.php?rest_route=\/wp\/v2\/types\/page"}],"author":[{"embeddable":true,"href":"https:\/\/kgv-amdammsteg.de\/index.php?rest_route=\/wp\/v2\/users\/1"}],"replies":[{"embeddable":true,"href":"https:\/\/kgv-amdammsteg.de\/index.php?rest_route=%2Fwp%2Fv2%2Fcomments&post=85"}],"version-history":[{"count":2,"href":"https:\/\/kgv-amdammsteg.de\/index.php?rest_route=\/wp\/v2\/pages\/85\/revisions"}],"predecessor-version":[{"id":242,"href":"https:\/\/kgv-amdammsteg.de\/index.php?rest_route=\/wp\/v2\/pages\/85\/revisions\/242"}],"wp:attachment":[{"href":"https:\/\/kgv-amdammsteg.de\/index.php?rest_route=%2Fwp%2Fv2%2Fmedia&parent=85"}],"curies":[{"name":"wp","href":"https:\/\/api.w.org\/{rel}","templated":true}]}}